5. List the prime factors of ((-15)/a)/(3/(-6345)).
3, 5, 47
Let n(a) = -18*a**3 + 6*a. Suppose 58*x = 63*x + 15. What are the prime factors of n(x)?
2, 3, 13
Let m(l) = 7*l**2 - 43*l + 18. Let j be m(-11). Suppose 2*t - j = -4*x, 7*x = 5*x - 3*t + 663. List the prime factors of x.
2, 3, 7
Let v = 13143 - -47480. List the prime factors of v.
60623
Suppose -3*x + 5*z + 3610 = 0, -4*x = 5*z - 3419 - 1441. Let o = x + -916. What are the prime factors of o?
2, 3, 7
Suppose 5*h = 3*b + 35834, 8*b = 4*b + 8. Suppose 5*w - h = 4*z, w - 14*z = -17*z + 1426. What are the prime factors of w?
2, 179
Let j(l) = 153*l**2 + 8*l - 459. What are the prime factors of j(18)?
3, 13, 421
Suppose 27*j - 32 = 31*j. List the prime factors of j/6*54036/(-38).
2, 3, 79
Suppose -13*t + 16*t + a - 25456 = 0, -5*t = -5*a - 42400. List the prime factors of t.
2, 3, 7, 101
Suppose -5*m + 142677 = 3*v, 7*v + 5*m - 237795 = 2*v. List the prime factors of v.
3, 83, 191
Suppose -5*s = 4*v + 115, -2*s = -5*v + 3*s - 200. What are the prime factors of (-595 + v)/(3/6 + -2)?
2, 3, 5, 7
Let b = 560 - 286. Suppose 3*p - 468 - 930 = -5*x, -b = -x + 5*p. What are the prime factors of x?
3, 31
Suppose 3*g - 41541 = 3*b, -3600 = -3*g + 5*b + 37943. What are the prime factors of g?
2, 7, 23, 43
Let x(z) = -5 + 26*z + 2*z**2 - 6*z + 12*z + 0*z. Let s be x(-16). List the prime factors of (-6)/(1 - s) + 141.
2, 5, 7
Suppose -1821447 = -65*j + 3094096 + 463727. What are the prime factors of j?
2, 3, 13, 1061
Suppose 5*h - 89*c + 86*c - 210337 = 0, 0 = 5*h + 2*c - 210367. What are the prime factors of h?
42071
Let c = -19752 + 67267. What are the prime factors of c?
5, 13, 17, 43
Let h = 5992 - 4218. What are the prime factors of 76/38 - h/(-2)?
7, 127
Let u(d) = 19*d**2 + 96*d - 1716. List the prime factors of u(27).
3, 4909
Let m(h) = h**3 + 14*h**2 + 39*h. Let l be m(-5). Let z(u) = -u**3 + 29*u**2 + 46*u + 91. List the prime factors of z(l).
571
Let k = -10987 - -12119. List the prime factors of k.
2, 283
Suppose -k + 12845 = 3*r, 5*r - 2*r - 3*k - 12861 = 0. Suppose r + 685 = 9*h. What are the prime factors of h?
2, 3, 23
Let v(j) = -j**3 + 9*j**2 - 7*j - 26. Let n be v(6). Let d be (n/3)/2*3. Suppose d = -4*w, 2*w - 5*w + 950 = 5*h. What are the prime factors of h?
193
Suppose -197081 + 33337 = -4*b - 3*m, -19*m = -24*m. What are the prime factors of b?
2, 7, 17, 43
Let s = 60393 - 39837. What are the prime factors of s?
2, 3, 571
Suppose -3*o = -5*o - 4*o + 74928. What are the prime factors of o?
2, 7, 223
Suppose u = -24*u + 245325. What are the prime factors of u?
3, 3271
Let p = 101 + -59. Let s = 26 - p. What are the prime factors of ((-43)/5)/(s/80)?
43
Let p(q) = q**3 + 6*q**2 - 9*q - 5. Let z(g) = g**2 - 5*g + 1. Let i be z(-4). Let u = i + -43. List the prime factors of p(u).
7
Let l = -10736 - -37550. List the prime factors of l.
2, 3, 41, 109
Suppose -6*n + n = -30. Let a(d) = d**3 + d**2 - d - 1. Let j(f) = 5*f**3 + 15*f**2 - 10*f - 26. Let m(k) = -6*a(k) + j(k). What are the prime factors of m(n)?
2
Suppose 5*o - 51 = -11. Let g be (-1 - 1/(-1))*4/o. Let v(p) = -5*p + 155. List the prime factors of v(g).
5, 31
Let s(b) = -b**2 + 27*b - 74. Suppose 33*h = 37*h - 20. List the prime factors of s(h).
2, 3
What are the prime factors of (-2)/(-12) - 714/(-72)*1708/2?
3, 941
Let j be (-28 + 3)*(-75)/125. Let v be (0 - 9/4)*-4. Let p = v + j. List the prime factors of p.
2, 3
Suppose 0 = -19*o + 16*o - 1095. Let t = 681 + o. What are the prime factors of t?
2, 79
Let s = -9418 + 20533. List the prime factors of s.
3, 5, 13, 19
Let k(p) = p**3 + 15*p**2 + 25*p - 18. Let l be k(-13). List the prime factors of (-3 - -5)*((-5)/l - -103).
2, 13
Let f(n) = 5*n**3 + 7*n**2 - 35*n - 1. Let y(d) = -2*d**3 - 4*d**2 + 18*d. Let t(z) = 3*f(z) + 7*y(z). List the prime factors of t(11).
2, 89
Suppose 269*j - 91*j = -123*j + 23282651. List the prime factors of j.
77351
Suppose o - 170 = -5*s, -115*o + 113*o = -s + 34. Suppose -s*w + 19*w = -8130. What are the prime factors of w?
2, 271
Let p = 11 + -7. Suppose -p*g + 2485 = 101. Let o = g + -422. What are the prime factors of o?
2, 3, 29
Let u be ((-423)/12*-2)/((-3)/(-40)). Let x = -627 + u. What are the prime factors of x?
313
Let y = -825 - -1182. Let c = 602 - y. List the prime factors of c.
5, 7
Let r(i) = -2*i**3 + i**2 + 2*i - 3. Let o be r(-3). Let l = -52 + o. Suppose 0 = -l*v + 203 + 161. List the prime factors of v.
2, 7, 13
Let q be (36/(-15))/(30/75) + 774. Let i = 913 - q. List the prime factors of i.
5, 29
Suppose -4*y + 76093 = 4*x - 16151, -3*x = 6*y - 69201. What are the prime factors of x?
3, 5, 29, 53
Suppose -4*x = 4*h - 33072, h + 164*x - 8296 = 167*x. List the prime factors of h.
5, 331
Suppose -18*o - 7*o = -6*o - 224542. What are the prime factors of o?
2, 19, 311
Suppose -5*q + q - 30*q + 2147270 = 0. List the prime factors of q.
5, 17, 743
Let f(k) = 2*k**2 - 32*k + 111. Let m be 30*(-2)/12*(9 - 13). List the prime factors of f(m).
271
Let b = -163 - -231. Suppose o = u - 29, 4*o - u + 0*u + 101 = 0. Let k = b + o. List the prime factors of k.
2, 11
Let j(v) = v**3 - v**2 + 467. Let d be j(0). Let w = d + -262. Suppose w = 52*o - 47*o. What are the prime factors of o?
41
Suppose 6*a = -2*v + 62432, 3*a + 19716 + 42698 = 2*v. What are the prime factors of v?
2, 5, 3121
Let y(b) = 1100*b + 8182. What are the prime factors of y(41)?
2, 26641
Suppose -1 + 10 = -3*i, -5*z = -i - 103. Suppose 3*x = -5 + z. What are the prime factors of x + -1 + 195 + -15?
2, 23
Let r = 52 - 37. Let f be (r/(-2 - 1))/(5/(-305)). Let q = -92 + f. List the prime factors of q.
3, 71
Let i = -13049 - -20312. What are the prime factors of i?
3, 269
Let x(n) be the second derivative of 3*n**4/2 - 4*n**3/3 - 7*n**2 - 2*n - 2. List the prime factors of x(6).
2, 293
Let i = -18451 - -27161. What are the prime factors of i?
2, 5, 13, 67
Let d be 4/6 - 7/(126/(-34332)). Let a = d + -1122. What are the prime factors of a?
2, 3, 131
Let c be -2*1 + (-4 - -6). Let n = 95 - 88. Suppose c = n*q - 1548 - 608. List the prime factors of q.
2, 7, 11
Suppose -4*k = -2*d + 5*d + 179, -3*k = 4*d + 129. Let y = 221 + k. List the prime factors of y.
2, 3, 29
Let p(b) = b**3 + 3*b**2 + 2*b + 3. Let v be p(-2). Suppose v*s + 254 = 992. Suppose 0 = -11*k + 13*k - s. What are the prime factors of k?
3, 41
Let t(v) = 2*v**3 + 4*v**2 - 3*v - 30. Let m be t(-12). Let u = -1598 - m. List the prime factors of u.
2, 11, 29
Let k be 24/(-9)*-3*-32. Let x = -888 + 496. Let g = k - x. What are the prime factors of g?
2, 17
Let u = -131 - -134. Suppose 0 = 2*g, 2*p - u*g - 734 = -g. List the prime factors of p.
367
Let g(w) be the second derivative of w**5/20 + 19*w**4/12 - 2*w**3/3 + 53*w**2/2 + 47*w. What are the prime factors of g(-18)?
449
Let p(c) = 5*c**3 - c**2 - 7*c. Let t be p(-3). Let q = -81 - t. Let u = q + -26. What are the prime factors of u?
2
Let o be (-1)/3*-6*1/2. Suppose 4*k + 17 = -5*l, 4*k - 4*l - 27 = o. Suppose -t = -k*b + 4*b - 116, 3*b - 608 = -5*t. List the prime factors of t.
2, 31
Suppose 5*i - 6*d - 22603 = -8*d, 2*i + 2*d - 9040 = 0. What are the prime factors of i?
3, 11, 137
Let v = 439 + -761. Let i be (v/35 + 8)/(1/10). Let d(j) = j**2 + 8*j - 20. What are the prime factors of d(i)?
2, 7
What are the prime factors of (-1020)/(-240) - (-6)/8 - -1106?
11, 101
Let n = 491 + -518. What are the prime factors of n/(-2 - 699/(-354))?
2, 3, 59
Suppose 3*x = 6 + 3. Suppose 5*k + 223 = 3*h, -3*h - 75*k + 239 = -76*k. Suppose -x*i - 48 + h = 0. What are the prime factors of i?
11
Let y = 128 + -88. Suppose 0 = -8*r + 4*r + y. What are the prime factors of 3 - 3 - -4*r?
2, 5
Let i(s) = -1505*s - 1866. What are the prime factors of i(-16)?
2, 29, 383
Suppose 10*i - 1641 = 5549. Let v = -400 + i. List the prime factors of v.
11, 29
Suppose 2*h = -8, -n = -100*h + 102*h - 521. List the prime factors of n.
23
Let s be 2682/126 - (-6)/(-21). List the prime factors of 7/(s/1809) - 1.
2, 7, 43
Suppose 632 = 10*y - 6*y. Suppose 4*t - 5*q = y, 5*t + 4*q + 0 - 218 = 0. Let z = 137 - t. List the prime factors of z.
5, 19
Suppose -99 = 5*y + r, 3*y + 65 = 3*r + 2*r. Let t = 182 - y. List the prime factors of t.
2, 101
Suppose 63*u + 45*u = 5398164. What are the prim